3 - 251. Let b(i) = -i + 2. Let f be b(-2). Let o(r) = -r**m + 7*r - f + r**2 + r**2. Determine o(-8).
4
Let t(m) = -m**3 - 2*m**2 + 3*m + 1. Let u be ((-30)/(-27)*-3)/(2/(-3)). Suppose 0 = -u*f + 2 - 17. Calculate t(f).
1
Suppose -3*s + 158*p = 161*p + 6, -s + 3*p + 22 = 0. Let k(q) be the second derivative of 1/12*q**s + 7/6*q**3 - q**2 + q + 0. Determine k(-6).
-8
Let r(h) = -h**3 + h**2 + 8*h - 4. Let z be r(3). Let l(j) = -j**z + 42*j + 0*j**2 - 37*j - 6 + 17. Give l(8).
-13
Let c(p) = -p**2 + 4*p + 33. Suppose 4*o + 35 = d + 63, -4*o + 2*d + 24 = 0. What is c(o)?
1
Suppose q = -8*t + 13*t + 69, -78 = -q - 4*t. Suppose 0 = 8*g + 18 - q. Let s(a) = a**3 - 6*a**2 - 6*a - 9. Calculate s(g).
-2
Let z(g) = 5 - 16*g - 7*g**2 + 17*g - 4 + g**2 + g**3 - 4. Determine z(2).
-17
Let t be (-78)/91 - 1660/7. Let z = t + 239. Let x(j) be the first derivative of -2*j**2 + 3. Determine x(z).
-4
Let t(n) = 2*n - 28. Let x be t(13). Let d be x/7 - 224/(-98). Let a(o) = -6*o + 18*o**2 + o**3 + 4 + 2*o - 15*o**d. Calculate a(-4).
4
Let l(c) be the third derivative of -c**5/15 + c**4/4 - c**3/3 - 66*c**2 + c. Determine l(3).
-20
Let p(v) = 0*v**2 + 1372*v - 1339*v + 14 + 2*v**2. Determine p(-16).
-2
Let d(y) = y + 38. Let s(z) = -z**3 - 2*z**2 + 7*z + 3. Let m be s(-4). Calculate d(m).
45
Let j be 12/(-72)*-4 + (3 - 70/6). Let r(u) = -u**2 - 11*u + 13. Determine r(j).
37
Suppose -88*d = -135 - 745. Let s(w) = 2*w**2 - 16*w + 13. What is s(d)?
53
Let v(i) = 32*i - 185. Let n(r) = -51*r**2 + 103*r + 4. Let x be n(2). Give v(x).
7
Suppose -21 = -3*o - 6. Let s(v) = 2*v**2 + v + 5. Let w(t) = -t**2 - t - 4. Let k(i) = 8*i + 42. Let n be k(-5). Let u(j) = n*s(j) + 3*w(j). Calculate u(o).
18
Let c(f) = -f**3 - 3*f**2 - 29*f - 33. Let a be c(-2). Let i(k) be the first derivative of a - 1/3*k**3 - 7*k**2 - 9*k. What is i(-13)?
4
Let b be (6 + -14)*-1 + -1 + -2. Let i(n) = n**3 - 3*n**2 + 5*n - 7. Determine i(b).
68
Let o(a) = 4*a**3 + 2*a**2 - 1. Suppose 8*s + 14 + 58 = 0. Let b be (-8 + -1)*2/s. Suppose 0*k - k + d - 3 = 0, -b*d = -k - 4. Determine o(k).
-25
Suppose -107*u + 109*u = 0. Suppose u*f + 16 = 4*f. Let p(z) = z**3 - 6*z**2 + 7*z - 5. Give p(f).
-9
Let k(g) = g**2 - 4. Suppose 13*p + 478 = 15*p. Suppose 215 = -6*a + p. What is k(a)?
12
Let j(y) be the second derivative of 9*y - y**2 + 0 + 1/6*y**3. Let u(x) = x**2 + 3*x - 4. Let d be u(-3). Give j(d).
-6
Suppose -4*r + 9*r - 17 = -g, -3*g = r - 9. Suppose r*f - 1 = 2. Let o(q) be the first derivative of 9*q**4/4 - q**3/3 - 9. What is o(f)?
8
Suppose -94 = -2*a - 34. Let i be (2/6)/((-1)/a). Let y(w) = -w**2 - 13*w + 4. Calculate y(i).
34
Let l(z) = 39*z - 41. Let m(y) = 17 + y - 19 - 8 + 4*y + 4*y. Let d(t) = 2*l(t) - 9*m(t). Give d(5).
-7
Let i(x) be the second derivative of 17 + 1/3*x**3 + 3/2*x**2 + 3*x. Determine i(7).
17
Let k(h) = 5*h**2 + 4. Suppose 2*c = x, -c - 3*c = -4*x + 4. Let o(v) = -1 + 14*v**x - 13*v**2 + 2 - v. Let n(l) = k(l) - 4*o(l). Give n(-3).
-3
Let v(g) = -1949*g**2 + 9*g + 1946*g**2 + 3*g - 4 - 22*g. Determine v(4).
-92
Let b(r) = r**3 + 4*r**2 - 3*r + 4. Let w be b(-3). Let t be 44/7 - w/77. Let p(d) = 7*d**3 + d**2 - 1 - 12*d**3 + t*d**3 + d**2. Give p(-1).
0
Let s = 3 + -8. Let y(x) be the second derivative of -x**5/20 - x**4/2 - 7*x**3/6 - 3*x**2 - 2556*x. What is y(s)?
4
Let a(k) = -2*k**3 + 4*k**2 + 2*k - 10. Suppose -293*n = -289*n - 5*l + 22, 3*n = 3*l - 12. Calculate a(n).
-6
Let t(m) = -m**3 + 8*m**2 + 8*m - 2. Let v be 3/(27/12) - 10/(-15). Suppose x - 19 = -2*d, -4*d - v - 5 = -3*x. Determine t(x).
-11
Let h(j) be the second derivative of j**4/4 - 5*j**3/3 + 8*j**2 - 1254*j. Calculate h(5).
41
Let d(p) be the second derivative of p**4/12 - 4*p**2 - 95*p + 3. Give d(4).
8
Let o(u) = 48*u + 49. Let m(q) = -204*q - 195. Let s(c) = -3*m(c) - 13*o(c). Calculate s(-5).
8
Let v = -32202 - -32207. Let f(c) be the third derivative of 0 + 32*c**2 + 1/2*c**3 + 1/120*c**6 - 1/24*c**4 + 0*c - 1/15*c**v. Give f(3).
-9
Let c = 21 - 18. Let p(t) be the first derivative of t**2 + 6*t - 5*t + c + 5*t. What is p(-5)?
-4
Suppose -5*f - 4*p = -12, -f + 17*p = 13*p + 12. Let b(y) be the second derivative of 3/4*y**4 + 1/2*y**2 + 0*y**3 - 27*y + 1/20*y**5 + f. Determine b(-9).
1
Let p(v) be the second derivative of v**4/6 + v**3/3 + v**2/2 - v. Suppose k = -11*k - 192. Let m(c) = -c**2 - 14*c + 34. Let z be m(k). Determine p(z).
13
Let n(b) = -2*b + 9. Let r be ((-15)/20)/((-2)/(-8)). Let y(i) = i - 4. Let c(z) = r*n(z) - 7*y(z). Suppose -2*h = 3*q, 11*q + 17 = 10*q + 5*h. Determine c(q).
3
Let t(k) = 6*k**2 + 94*k - 37. Let y be t(-16). Let r(b) be the third derivative of -b**6/120 - b**5/15 + b**4/6 - 2*b**3/3 + 2*b**2. Give r(y).
1
Let n be (1*-2)/(3/(-6)). Let f be (16/9)/(115/1035). Suppose 4*r - f = n. Let v(p) = -p**2 + 6*p + 6. Give v(r).
11
Let x be 189/203 - 48/(-696). Let g(o) = 22*o**3 + o**2 - o + 1. Determine g(x).
23
Let t(k) = -2*k - 8. Let p be t(-14). Suppose i + p = 6. Let q = 17 + i. Let d(s) = 6*s - 2. Determine d(q).
16
Suppose 1 + 7 = 2*s. Let x(u) = -15*u - 13. Give x(s).
-73
Let f(d) = -d**2 - d - 11. Let n be (-48)/20 + 2 - (-9 - (-731)/85). Calculate f(n).
-11
Let m(s) = s**3 - 18*s**2 - 21*s + 11. Let i = 1608 - 1589. Determine m(i).
-27
Suppose -44*d - 28 = -46*d + 2*r, -2 = 2*d + 4*r. Let v(q) = q**2 - 6*q - 17. Determine v(d).
10
Let h(q) = -q**2 - 5*q + 7. Suppose 68 = 5*g - 2*w - 2, 0 = -2*g + w + 29. Let v(u) = 8*u - 248. Let i be v(28). Let c be 18/i - 63/g. Give h(c).
1
Let d(n) = 3*n - 10. Suppose 1 = -50*c + 1. Give d(c).
-10
Suppose -105*o + 35 = -87*o - 91. Let l = 9 + -6. Let k(y) = 0*y - l - y + 9. Calculate k(o).
-1
Suppose -64*x + 17371 = -35*x. Let s(v) = 302*v + 293*v + v**2 + 7 - x*v. What is s(5)?
12
Let z(i) = -43*i - 36. Let l(m) = 17*m. Let v(j) = -2*l(j) - z(j). Give v(-5).
-9
Suppose 5*u - 4*g + 170 = 0, 2*u + 4*g - 50 = 3*u. Let k = u - -32. Let c(t) = -t**k - 4 - 1 - 5*t + 6. What is c(-4)?
5
Let t(u) = -8*u**2 - 1022*u + 51 + 1049*u + 10*u**2 + 28. Calculate t(-10).
9
Let d(q) = -6*q**3 + 2*q**2 + q + 1. Let z(t) = -20*t**3 + 8*t**2 + 4*t + 9. Let f(g) = 3*d(g) - z(g). What is f(-3)?
-75
Let n = 14 - 5. Let x(y) = 17*y + 14. Let d(a) = -45*a - 41. Let k be 8 - (4/(-28) - (-7)/49). Let w(c) = k*x(c) + 3*d(c). Determine w(n).
-2
Suppose -6*f + 5 = -f. Let a(c) = -5*c + 9*c - f + 2. Suppose 0 = 3*y + 4*b + 27, 3*y - 11*b + 21 = -13*b. What is a(y)?
-19
Let y(i) = 3*i**3 + 38*i**2 + 26*i + 208. Let z(p) = -p**3 - 13*p**2 - 9*p - 75. Let j(r) = 3*y(r) + 8*z(r). Give j(-9).
51
Let n(v) = 11*v - 6. Suppose -1319*x = -1311*x + 48. Calculate n(x).
-72
Suppose 2 = 2*h + 4*s, 8*h = 3*h - s + 5. Let k(m) = 6*m**2 + 24*m + h - 3*m + 3*m - 6*m - 14*m + m**3. Calculate k(-6).
-23
Let c(h) = -h**2 - 4*h + 13. Suppose -123*d + 1264 = 193*d. What is c(d)?
-19
Let d(l) = 5*l - 6*l + 9 + 1. Let i be (1 - (-5)/(-1)) + 152/19. Suppose 0*g + h = 3*g - 20, 3*g - 8 = i*h. What is d(g)?
2
Let r(i) be the second derivative of -i**4/12 + 5*i**3/3 + 5*i**2/2 + 1297*i. Determine r(8).
21
Let l(u) = -4*u**2 + 50*u - 45*u + 8 + 21*u + 14*u**2. Determine l(-3).
20
Let o be 1300/(-416) + 2/(4 - -12). Let r(s) = 3*s**2 - 6*s - 16. Calculate r(o).
29
Let s = 62 + 9. Suppose -3*q + 3*p = 19 + s, p + 135 = -4*q. Let k be 0 + (-159)/q + 2/11. Let h(n) = n + 7. Give h(k).
12
Let w(p) be the first derivative of -13*p**2/2 - 36*p + 4380. Determine w(-3).
3
Let k(o) = -o**3 + 5*o**2 + 3*o - 2. Let a(h) = 4*h - 61. Let u be a(0). Let d = -31 - u. Suppose 5*w - d = 2*m, -4 = 4*w - 0*w + 4*m. Give k(w).
26
Let j(o) be the third derivative of 3/20*o**5 - 7/6*o**3 - 3*o**2 + 0 - 1/120*o**6 + 10*o + 11/24*o**4. What is j(10)?
3
Let i(l) = -26*l - 47. Let t = 4977 + -4979. Determine i(t).
5
Let h(f) = -25*f**2 + 21*f - 55. Let u(v) = 8*v**2 - 8*v + 18. Let p(d) = 3*h(d) + 10*u(d). What is p(1)?
3
Let r(w) = -w**3 + 3*w**2 + 5*w + 12. Suppose 3*l - 79 = -64. What is r(l)?
-13
Suppose -2*i + 12 = i. Let m(z) = 83*z**2 - 4*z + 8. Let w(a) = 133*a**2 - 7*a + 12. Let f(q) = 8*m(q) - 5*w(q). Determine f(i).
0
Let t(s) be the first derivative of s**4/12 - s**3/3 - s**2/2 + 49*s - 158. Let p(d) be the first derivative of t(d). Determine p(3).
2
Let p(y) = -y**2 + 5*y - 4. Let r(s) = 65. Le